{"id":9258,"date":"2024-08-13T20:56:11","date_gmt":"2024-08-13T20:56:11","guid":{"rendered":"https:\/\/atelieamaliabarros.com\/?post_type=product&#038;p=9258"},"modified":"2025-06-05T10:29:54","modified_gmt":"2025-06-05T10:29:54","slug":"colecao-mini-virgem-de-guadalupe-espanhol-tercinho-chaveiro-padrao-pdf-digital-copia","status":"publish","type":"product","link":"https:\/\/atelieamaliabarros.com\/index.php\/produto\/colecao-mini-virgem-de-guadalupe-espanhol-tercinho-chaveiro-padrao-pdf-digital-copia\/","title":{"rendered":"Z &#8211; VIRGEM DE GUADALUPE MINI COLE\u00c7\u00c3O ESPANHOL TERCINHO + CHAVEIRO PADR\u00c3O PDF DIGITAL"},"content":{"rendered":"","protected":false},"excerpt":{"rendered":"<p>NOTA: (RECIBIR\u00c1S UN ARCHIVO DIGITAL) PATR\u00d3N DE RECETA EN PDF DEL T\u00cdTULO MINI VIRGEN DE GUADALUPE + LLAVERO A CROCHET (Mini Virgen de Guadalupe mide 8 cm aproximadamente)<\/p>\n<p>Este PDF contiene la receta del Cuerpo, el Manto, el Resplandor, las Bolitas de Crochet, la Cruz y todo el Montaje para hacer 1 Mini Virgen de Guadalupe de 8 cm que se puede transformar en 2 modelos de Tercinhos y 1 Llavero.<\/p>\n<p><br style=\"color: #7d7873; font-family: museo_sans, sans-serif;\" \/><span style=\"color: #7d7873; font-family: museo_sans, sans-serif;\">Este padr\u00e3o \u00e9 registrado Copyright \u00a9 Ateli\u00ea Am\u00e1lia Barros \u2013 2022 Todos os direitos<\/span><br style=\"color: #7d7873; font-family: museo_sans, sans-serif;\" \/><span style=\"color: #7d7873; font-family: museo_sans, sans-serif;\">reservados.<\/span><\/p>\n","protected":false},"featured_media":9257,"template":"","meta":[],"product_brand":[],"product_cat":[108],"product_tag":[],"class_list":{"0":"post-9258","1":"product","2":"type-product","3":"status-publish","4":"has-post-thumbnail","6":"product_cat-pdf-digital-receitas-de-santinhas","8":"first","9":"instock","10":"sale","11":"downloadable","12":"virtual","13":"sold-individually","14":"taxable","15":"purchasable","16":"product-type-simple"},"_links":{"self":[{"href":"https:\/\/atelieamaliabarros.com\/index.php\/wp-json\/wp\/v2\/product\/9258","targetHints":{"allow":["GET"]}}],"collection":[{"href":"https:\/\/atelieamaliabarros.com\/index.php\/wp-json\/wp\/v2\/product"}],"about":[{"href":"https:\/\/atelieamaliabarros.com\/index.php\/wp-json\/wp\/v2\/types\/product"}],"wp:featuredmedia":[{"embeddable":true,"href":"https:\/\/atelieamaliabarros.com\/index.php\/wp-json\/wp\/v2\/media\/9257"}],"wp:attachment":[{"href":"https:\/\/atelieamaliabarros.com\/index.php\/wp-json\/wp\/v2\/media?parent=9258"}],"wp:term":[{"taxonomy":"product_brand","embeddable":true,"href":"https:\/\/atelieamaliabarros.com\/index.php\/wp-json\/wp\/v2\/product_brand?post=9258"},{"taxonomy":"product_cat","embeddable":true,"href":"https:\/\/atelieamaliabarros.com\/index.php\/wp-json\/wp\/v2\/product_cat?post=9258"},{"taxonomy":"product_tag","embeddable":true,"href":"https:\/\/atelieamaliabarros.com\/index.php\/wp-json\/wp\/v2\/product_tag?post=9258"}],"curies":[{"name":"wp","href":"https:\/\/api.w.org\/{rel}","templated":true}]}}