{"id":9131,"date":"2024-06-11T10:41:22","date_gmt":"2024-06-11T10:41:22","guid":{"rendered":"https:\/\/atelieamaliabarros.com\/?post_type=product&#038;p=9131"},"modified":"2025-01-16T19:56:37","modified_gmt":"2025-01-16T19:56:37","slug":"amigurumi-santa-clara-de-assis","status":"publish","type":"product","link":"https:\/\/atelieamaliabarros.com\/index.php\/produto\/amigurumi-santa-clara-de-assis\/","title":{"rendered":"Y &#8211; Pronta Entrega Santinha Santa Clara de Assis"},"content":{"rendered":"<p>Nessa compra voc\u00ea receber\u00e1 1 Amigurumi do Santinha Santa Clara de Assis com aproximadamente 24 cm at\u00e9 a aureola exatamente\u00a0 como est\u00e1 na foto (com a toalhinha, o ostens\u00f3rio e com os l\u00edrios).<\/p>\n","protected":false},"excerpt":{"rendered":"<p>Nessa compra voc\u00ea receber\u00e1 1 Amigurumi do Santinha Santa Clara de Assis com aproximadamente 24 cm at\u00e9 a aureola exatamente\u00a0 como est\u00e1 na foto (com a toalhinha, o ostens\u00f3rio e com os l\u00edrios).<\/p>\n","protected":false},"featured_media":9109,"template":"","meta":[],"product_brand":[],"product_cat":[30],"product_tag":[],"class_list":{"0":"post-9131","1":"product","2":"type-product","3":"status-publish","4":"has-post-thumbnail","6":"product_cat-santinha-em-amigurumi","8":"first","9":"instock","10":"taxable","11":"shipping-taxable","12":"purchasable","13":"product-type-simple"},"_links":{"self":[{"href":"https:\/\/atelieamaliabarros.com\/index.php\/wp-json\/wp\/v2\/product\/9131","targetHints":{"allow":["GET"]}}],"collection":[{"href":"https:\/\/atelieamaliabarros.com\/index.php\/wp-json\/wp\/v2\/product"}],"about":[{"href":"https:\/\/atelieamaliabarros.com\/index.php\/wp-json\/wp\/v2\/types\/product"}],"wp:featuredmedia":[{"embeddable":true,"href":"https:\/\/atelieamaliabarros.com\/index.php\/wp-json\/wp\/v2\/media\/9109"}],"wp:attachment":[{"href":"https:\/\/atelieamaliabarros.com\/index.php\/wp-json\/wp\/v2\/media?parent=9131"}],"wp:term":[{"taxonomy":"product_brand","embeddable":true,"href":"https:\/\/atelieamaliabarros.com\/index.php\/wp-json\/wp\/v2\/product_brand?post=9131"},{"taxonomy":"product_cat","embeddable":true,"href":"https:\/\/atelieamaliabarros.com\/index.php\/wp-json\/wp\/v2\/product_cat?post=9131"},{"taxonomy":"product_tag","embeddable":true,"href":"https:\/\/atelieamaliabarros.com\/index.php\/wp-json\/wp\/v2\/product_tag?post=9131"}],"curies":[{"name":"wp","href":"https:\/\/api.w.org\/{rel}","templated":true}]}}