{"id":253,"date":"2020-10-05T15:06:24","date_gmt":"2020-10-05T15:06:24","guid":{"rendered":"https:\/\/atelieamaliabarros.com\/?page_id=253"},"modified":"2021-05-08T12:41:15","modified_gmt":"2021-05-08T12:41:15","slug":"politica-de-privacidade","status":"publish","type":"page","link":"https:\/\/atelieamaliabarros.com\/index.php\/politica-de-privacidade\/","title":{"rendered":"Pol\u00edtica de Privacidade"},"content":{"rendered":"\n<p>N\u00f3s coletamos informa\u00e7\u00f5es sobre voc\u00ea durante o processo de finaliza\u00e7\u00e3o de pedido em nossa loja.<\/p>\n\n\n\n<h2 class=\"wp-block-heading\">O que n\u00f3s coletamos e armazenamos<\/h2>\n\n\n\n<p>Enquanto voc\u00ea visita nosso site, n\u00f3s rastreamos:<\/p>\n\n\n\n<ul class=\"wp-block-list\"><li>Produtos que voc\u00ea viu: usaremos isso para, por exemplo, mostrar os produtos que voc\u00ea visualizou recentemente<\/li><li>Localiza\u00e7\u00e3o, endere\u00e7o IP e tipo de navegador: usaremos isso para fins de estimativas de taxas e envio<\/li><li>Endere\u00e7o de entrega: solicitaremos que voc\u00ea insira isso para que possamos estimar as taxas de entrega antes de fazer um pedido e enviar o pedido para voc\u00ea!<\/li><\/ul>\n\n\n\n<p>Tamb\u00e9m usaremos cookies para acompanhar o conte\u00fado do carrinho enquanto voc\u00ea navega no nosso site.<\/p>\n\n\n\n<p>Quando voc\u00ea compra de n\u00f3s, solicitamos que forne\u00e7a informa\u00e7\u00f5es, incluindo seu nome, endere\u00e7o de faturamento, endere\u00e7o para envio, endere\u00e7o de e-mail, n\u00famero de telefone, detalhes do cart\u00e3o de cr\u00e9dito\/pagamento e informa\u00e7\u00f5es opcionais da conta, como nome de usu\u00e1rio e senha. Usaremos estas informa\u00e7\u00f5es para fins, como:<\/p>\n\n\n\n<ul class=\"wp-block-list\"><li>Enviar para voc\u00ea informa\u00e7\u00f5es sobre sua conta e pedido<\/li><li>Responder \u00e0s suas requisi\u00e7\u00f5es, incluindo estornos e reclama\u00e7\u00f5es<\/li><li>Processa de pagamentos e previne fraudes<\/li><li>Configure uma conta em nossa loja<\/li><li>Cumprir com todas as obriga\u00e7\u00f5es legais que tenhamos, como o c\u00e1lculo de taxas<\/li><li>Melhore nossas ofertas<\/li><li>Enviar para voc\u00ea mensagens de marketing, se voc\u00ea optar por receb\u00ea-las<\/li><\/ul>\n\n\n\n<p>Se voc\u00ea criar uma conta, n\u00f3s armazenaremos seu nome, endere\u00e7o, e-mail e n\u00famero de telefone, e estes dados ser\u00e3o usados para preencher a p\u00e1gina de finaliza\u00e7\u00e3o da compra em pedidos futuros.<\/p>\n\n\n\n<p>Geralmente armazenamos informa\u00e7\u00f5es sobre voc\u00ea enquanto precisamos das informa\u00e7\u00f5es para os fins para os quais as coletamos e usamos, e n\u00e3o somos legalmente obrigados a continuar a mant\u00ea-las. Por exemplo, armazenaremos informa\u00e7\u00f5es sobre pedidos por 5 (cinco) anos para fins fiscais e cont\u00e1beis. Isso inclui seu nome, endere\u00e7o de e-mail, endere\u00e7os de faturamento e entrega.<\/p>\n\n\n\n<p>Tamb\u00e9m armazenaremos coment\u00e1rios ou avalia\u00e7\u00f5es, se voc\u00ea optar por deix\u00e1-los.<\/p>\n\n\n\n<h2 class=\"wp-block-heading\">Quem em nossa equipe tem acesso<\/h2>\n\n\n\n<p>Os membros da nossa equipe t\u00eam acesso \u00e0s informa\u00e7\u00f5es que voc\u00ea nos fornece. Por exemplo, os administradores e gerentes de loja podem acessar:<\/p>\n\n\n\n<ul class=\"wp-block-list\"><li>Informa\u00e7\u00f5es de pedidos, como o que foi comprado, quando foi comprado e para onde deve ser enviado, e<\/li><li>Informa\u00e7\u00f5es do cliente, como seu nome, endere\u00e7o de e-mail e informa\u00e7\u00f5es de faturamento e entrega.<\/li><\/ul>\n\n\n\n<p>Os membros da nossa equipe t\u00eam acesso a essas informa\u00e7\u00f5es para ajudar a atender pedidos, processar reembolsos e oferecer suporte a voc\u00ea.<\/p>\n\n\n\n<h3 class=\"wp-block-heading\">Pagamentos<\/h3>\n\n\n\n<p>Aceitamos pagamentos por Mercado Pago. Ao processar os pagamentos, algumas de suas informa\u00e7\u00f5es ser\u00e3o passadas para o Mercado Pago, incluindo informa\u00e7\u00f5es obrigat\u00f3rias para processar o pagamento, como o valor total da compra e as informa\u00e7\u00f5es de faturamento.<\/p>\n\n\n\n<p>Veja a\u00a0<a rel=\"noreferrer noopener\" href=\"https:\/\/sobreuol.noticias.uol.com.br\/normas-de-seguranca-e-privacidade.html?_ga=2.24929529.2109634416.1601910109-392640677.1601910109\" target=\"_blank\">Pol\u00edtica de privacidade do Mercado Pago <\/a>para mais detalhes.<\/p>\n","protected":false},"excerpt":{"rendered":"<p>N\u00f3s coletamos informa\u00e7\u00f5es sobre voc\u00ea durante o processo de finaliza\u00e7\u00e3o de pedido em nossa loja. O que n\u00f3s coletamos e armazenamos Enquanto voc\u00ea visita nosso site, n\u00f3s rastreamos: Produtos que voc\u00ea viu: usaremos isso para, por exemplo, mostrar os produtos que voc\u00ea visualizou recentemente Localiza\u00e7\u00e3o, endere\u00e7o IP e tipo de navegador: usaremos isso para fins [&hellip;]<\/p>\n","protected":false},"author":1,"featured_media":0,"parent":0,"menu_order":0,"comment_status":"closed","ping_status":"closed","template":"","meta":{"footnotes":""},"class_list":["post-253","page","type-page","status-publish","hentry"],"_links":{"self":[{"href":"https:\/\/atelieamaliabarros.com\/index.php\/wp-json\/wp\/v2\/pages\/253","targetHints":{"allow":["GET"]}}],"collection":[{"href":"https:\/\/atelieamaliabarros.com\/index.php\/wp-json\/wp\/v2\/pages"}],"about":[{"href":"https:\/\/atelieamaliabarros.com\/index.php\/wp-json\/wp\/v2\/types\/page"}],"author":[{"embeddable":true,"href":"https:\/\/atelieamaliabarros.com\/index.php\/wp-json\/wp\/v2\/users\/1"}],"replies":[{"embeddable":true,"href":"https:\/\/atelieamaliabarros.com\/index.php\/wp-json\/wp\/v2\/comments?post=253"}],"version-history":[{"count":4,"href":"https:\/\/atelieamaliabarros.com\/index.php\/wp-json\/wp\/v2\/pages\/253\/revisions"}],"predecessor-version":[{"id":5638,"href":"https:\/\/atelieamaliabarros.com\/index.php\/wp-json\/wp\/v2\/pages\/253\/revisions\/5638"}],"wp:attachment":[{"href":"https:\/\/atelieamaliabarros.com\/index.php\/wp-json\/wp\/v2\/media?parent=253"}],"curies":[{"name":"wp","href":"https:\/\/api.w.org\/{rel}","templated":true}]}}