{"id":2,"date":"2020-08-29T09:49:32","date_gmt":"2020-08-29T12:49:32","guid":{"rendered":"http:\/\/atelieamaliabarros.com\/?page_id=2"},"modified":"2020-09-27T13:24:09","modified_gmt":"2020-09-27T13:24:09","slug":"sobre-empresa","status":"publish","type":"page","link":"https:\/\/atelieamaliabarros.com\/index.php\/sobre-empresa\/","title":{"rendered":"Sobre a Empresa"},"content":{"rendered":"\n<p>Fundada em 2019, somos um empresa de artesanato especializada em croch\u00ea. Vendemos pe\u00e7as artesanais prontas e produtos para a confec\u00e7\u00e3o de artesanatos. Nossa <strong>miss\u00e3o <\/strong>\u00e9:<\/p>\n\n\n\n<blockquote class=\"wp-block-quote is-layout-flow wp-block-quote-is-layout-flow\"><p>Oferecer os melhores produtos para confec\u00e7\u00e3o de artesanato e pe\u00e7as artesanais prontas. Presando sempre a beleza, a arte e a sofistica\u00e7\u00e3o em cada pe\u00e7a, seja ela produzida por n\u00f3s ou por nossos clientes. Ser refer\u00eancia em variedade e qualidade em produtos de armarinho.<\/p><\/blockquote>\n\n\n\n<p>Al\u00e9m de vendermos os melhores produtos de armarinhos, tamb\u00e9m colocamos a m\u00e3o na massa e produzimos artesanato. Ent\u00e3o conhecemos cada marca e cada fornecedor com os quais trabalhamos, por isso s\u00f3 oferecemos produtos em quais confiamos e com os quais produzimos nossas pe\u00e7as.<\/p>\n\n\n\n<p>Como valores temos:<\/p>\n\n\n\n<blockquote class=\"wp-block-quote is-layout-flow wp-block-quote-is-layout-flow\"><p>&#8211; Trabalhar com \u00e9tica, compromisso e transpar\u00eancia;<\/p><p>&#8211; Incentivar e inspirar a criatividade;<\/p><p>&#8211; Oferecer cada vez mais variedade;<\/p><p>&#8211; Respeitar o ser humano e a natureza;<\/p><\/blockquote>\n\n\n\n<p>Como vis\u00e3o temos:<\/p>\n\n\n\n<blockquote class=\"wp-block-quote is-layout-flow wp-block-quote-is-layout-flow\"><p>A valoriza\u00e7\u00e3o do artesanato, agregando valor as pe\u00e7as, atrav\u00e9s de um trabalho bem feito e com riqueza de detalhes.<\/p><\/blockquote>\n","protected":false},"excerpt":{"rendered":"<p>Fundada em 2019, somos um empresa de artesanato especializada em croch\u00ea. Vendemos pe\u00e7as artesanais prontas e produtos para a confec\u00e7\u00e3o de artesanatos. Nossa miss\u00e3o \u00e9: Oferecer os melhores produtos para confec\u00e7\u00e3o de artesanato e pe\u00e7as artesanais prontas. Presando sempre a beleza, a arte e a sofistica\u00e7\u00e3o em cada pe\u00e7a, seja ela produzida por n\u00f3s ou [&hellip;]<\/p>\n","protected":false},"author":1,"featured_media":0,"parent":0,"menu_order":0,"comment_status":"closed","ping_status":"open","template":"","meta":{"footnotes":""},"class_list":["post-2","page","type-page","status-publish","hentry"],"_links":{"self":[{"href":"https:\/\/atelieamaliabarros.com\/index.php\/wp-json\/wp\/v2\/pages\/2","targetHints":{"allow":["GET"]}}],"collection":[{"href":"https:\/\/atelieamaliabarros.com\/index.php\/wp-json\/wp\/v2\/pages"}],"about":[{"href":"https:\/\/atelieamaliabarros.com\/index.php\/wp-json\/wp\/v2\/types\/page"}],"author":[{"embeddable":true,"href":"https:\/\/atelieamaliabarros.com\/index.php\/wp-json\/wp\/v2\/users\/1"}],"replies":[{"embeddable":true,"href":"https:\/\/atelieamaliabarros.com\/index.php\/wp-json\/wp\/v2\/comments?post=2"}],"version-history":[{"count":1,"href":"https:\/\/atelieamaliabarros.com\/index.php\/wp-json\/wp\/v2\/pages\/2\/revisions"}],"predecessor-version":[{"id":246,"href":"https:\/\/atelieamaliabarros.com\/index.php\/wp-json\/wp\/v2\/pages\/2\/revisions\/246"}],"wp:attachment":[{"href":"https:\/\/atelieamaliabarros.com\/index.php\/wp-json\/wp\/v2\/media?parent=2"}],"curies":[{"name":"wp","href":"https:\/\/api.w.org\/{rel}","templated":true}]}}